t m = c + -175. Calculate the highest common factor of m and 16.
16
Let u(a) = 10*a**2 + 2*a - 1. Let j be u(1). Let b = 649 + -638. Calculate the greatest common divisor of j and b.
11
Let c be (-17)/(204/(-24)) - -4. Let f be (-30)/(-8) - (-1)/4. What is the highest common factor of f and c?
2
Let z(b) = b**2 + 6*b - 13. Let h be z(-8). Suppose -j = -4*o - 32, h*j + o - 46 = 11. What is the greatest common divisor of j and 10?
10
Let d(z) = 3*z**3 - 5*z**2 - 8*z + 9. Let x(s) = -s**3 - s + 1. Let j(m) = -d(m) - 2*x(m). Let h be j(6). Calculate the greatest common divisor of h and 13.
13
Suppose 6*n = n + 25. Suppose 0 = 4*c + n*g - 10*g - 3, 5*c = -3*g + 13. Let w = 14 - c. What is the highest common divisor of 12 and w?
12
Let p = -683 - -727. Calculate the greatest common factor of p and 352.
44
Let u(i) = 14*i - 337. Let n be u(29). Calculate the highest common factor of n and 46.
23
Let q(k) = -2*k**2 - 6*k + 2. Let x be q(-4). Let v be x/(12/8*-1). Let g be (0 - -1)/((-1)/(-6)). Calculate the greatest common divisor of v and g.
2
Let w(u) = -80*u - 208. Let c be w(-3). What is the greatest common factor of 328 and c?
8
Let a = 7 + -6. Let y(u) = -u + 29. Let s be y(0). Suppose j - a = s. Calculate the greatest common divisor of j and 10.
10
Let b(o) = -o**2 - 15*o + 19. Let t be b(-16). Let d(x) = 11*x + 3. Let v be d(t). What is the highest common divisor of v and 144?
36
Let v be -4*((-30)/(-8))/(-5). Suppose -84 = -v*b + 6. Suppose -2*y - d = -183, 0 = -0*y + 3*y - 4*d - 258. What is the highest common factor of y and b?
30
Let q = -2278 - -2470. Let v(p) = p**3 + p**2 - p + 32. Let m be v(0). What is the greatest common divisor of q and m?
32
Let j be 78/(-117) - ((-100)/6 - 2). Let k be ((-2)/4)/(3/(-324)). Suppose 0*c - c = -k. Calculate the greatest common factor of c and j.
18
Let s be (-3)/9*-3*143. Let d(r) = 13*r. Suppose -1 = f - 2*f. Let v be d(f). Calculate the highest common divisor of v and s.
13
Let h = 2 + 18. Let y = 183 + -179. What is the greatest common factor of y and h?
4
Let s(h) = -h**2 + 12*h - 8. Suppose 4*p = -4*w + 68, -3*p + 43 + 16 = -w. Let r = p + -9. Let u be s(r). What is the greatest common factor of 108 and u?
12
Let o(h) = 2*h**2 + 7*h + 5. Let b = -1 + -4. Let y be o(b). Let u(f) = -f**2 - 5*f + 2. Let m be u(-2). Calculate the greatest common divisor of y and m.
4
Suppose 0 = -4*j + 341 - 221. Calculate the highest common divisor of j and 50.
10
Suppose -2*t + 96 = -4. Suppose 0 = 3*c - 16*i + 14*i - 375, -4*c = i - 500. What is the greatest common divisor of c and t?
25
Let y(d) = -2*d**2 - 20*d - 3. Suppose 5*w + 44 = z, -4*w - 33 = 4*z + 7. Let h be y(w). What is the highest common factor of 75 and h?
15
Suppose 5*u - 5*o - 65 = 0, -25 = u - 6*u - 5*o. Suppose 5*t + u + 1 = 0, -3*t - 90 = -4*v. What is the highest common divisor of v and 14?
7
Let z be 440/165*57/4. Calculate the highest common factor of 57 and z.
19
Let v = -333 + 337. What is the highest common factor of v and 24?
4
Let k(y) = 9*y. Let o be k(1). Let i = 21 + -4. Suppose i*v = 14*v + 216. Calculate the greatest common divisor of o and v.
9
Suppose 0 = 4*r - 7*r + 1794. What is the highest common factor of r and 46?
46
Let o(m) = 5 - 4 + 0 + m - 10 + 4*m**2 - m**3. Let i be o(3). Calculate the highest common divisor of i and 3.
3
Suppose 59 = -3*b + 353. Suppose -27*h - 3*q + 71 = -23*h, 0 = -2*h - 5*q + 53. Calculate the greatest common divisor of h and b.
14
Let y(n) = 2*n**3 - 4*n**2 + 4*n. Let g be y(3). Calculate the highest common divisor of g and 75.
15
Suppose -195*z = -203*z + 11096. Calculate the greatest common divisor of 19 and z.
19
Suppose -19*g = -16*g. Let j be 0 - (g - -3 - 7). Calculate the greatest common factor of 4 and j.
4
Let o be -1 + (3 - 5) + -98 - -1. Let b = 116 + o. Calculate the greatest common factor of b and 16.
16
Suppose 0 = 4*z + z - 250. Let j(c) = 19*c**2 + 2*c - 1. Let h be j(1). Let l = h + -10. Calculate the greatest common factor of z and l.
10
Let f(j) = -j + 24. Let l be f(-10). Let o = l + -30. What is the highest common divisor of 10 and o?
2
Let r = -80 + 112. Let d = r + -19. Suppose k + 4*k - 35 = -5*s, 4*k - s - d = 0. What is the highest common divisor of 10 and k?
2
Suppose -b = -4*g + 6, -4*g + 4 = -0*b - 2*b. Suppose 0 = -b*o - 3*o + 240. What is the highest common factor of o and 6?
6
Suppose -u + 29*t = 38*t - 433, 911 = 2*u + 3*t. What is the greatest common divisor of u and 160?
20
Let v(x) = x**3 + 6*x**2 - 2. Let s be v(-4). Suppose 2899 + 341 = 24*y. What is the highest common divisor of y and s?
15
Let d = -46 - -48. Let y(l) = -3*l**2 + 10*l + 1. Let q be y(d). Calculate the greatest common divisor of q and 9.
9
Suppose o = -12*o + 3484. Let u = -43 + o. What is the highest common factor of 90 and u?
45
Let g be (-591)/(-7) + (-28)/(-49). What is the highest common divisor of g and 51?
17
Let k = 122 - 109. What is the greatest common divisor of k and 221?
13
Let h(d) = 2*d**3 - d**2 + d - 8. Let i be h(3). What is the greatest common factor of i and 16?
8
Let d(l) = l**3 + 7*l**2 - 9*l - 7. Suppose 0*r - 5*b = 4*r + 33, 5*b + 40 = -5*r. Let u be d(r). What is the greatest common divisor of 8 and u?
8
Let s(a) be the third derivative of -a**4/12 - a**3/6 + 10*a**2. Let k be s(-7). What is the greatest common divisor of k and 1?
1
Suppose 5*x - 936 = -126. Suppose 4*q + t = -t + x, 2*t = 2*q - 72. Suppose -2*f + q - 15 = 0. What is the highest common factor of 108 and f?
12
Suppose 4*i - 80 = -i. Let f = i + -11. Let z(s) = -s**3 + 4*s**2 + 8*s - 3. Let m be z(f). What is the greatest common divisor of m and 8?
4
Let i = 113 - 112. Let y be (96 - i) + (3 - -2). Calculate the greatest common divisor of y and 60.
20
Let c be (-1 - (-12)/16) + (-4686)/(-24). Calculate the highest common divisor of c and 78.
39
Suppose 44*g - 981 = 29687. What is the greatest common divisor of g and 17?
17
Suppose -5*a + 176 + 279 = 0. Let t(o) = -13*o - 84. Let f be t(-7). What is the highest common factor of a and f?
7
Let q = -254 - -142. Let r = q + 175. What is the greatest common divisor of r and 9?
9
Suppose -35*l = 15*l - 1400. Calculate the greatest common factor of l and 266.
14
Let b be 2 + (-20)/9 - (-1624)/504. What is the greatest common factor of 3 and b?
3
Suppose 52 = 5*q - 3. Suppose 0 = 2*o + 5*k - 86, 16 = 2*k + 2*k. Calculate the highest common divisor of o and q.
11
Let z be 264/18*(0 - -6). What is the highest common factor of z and 56?
8
Let k be (6 + -5)*(2 + 17). Calculate the greatest common divisor of k and 152.
19
Let z(h) be the second derivative of 5*h**3/3 - 4*h**2 - 20*h. Let c be z(4). Calculate the highest common factor of 80 and c.
16
Let w(x) = -x**3 + 10*x**2 - 18*x + 26. Let o(f) = -f**3 - 4*f**2 + 6*f + 13. Let j be o(-5). Let c be w(j). What is the highest common factor of c and 110?
10
Let q(h) = 83*h**2 - h - 2. Let y be q(-1). Let m = 91 - y. Calculate the highest common factor of 1 and m.
1
Let o = 24 - -50. Suppose -36 = -10*z + o. What is the highest common factor of 77 and z?
11
Suppose -5*x = -25, -3*x = -2*o + 62 - 17. Let p(f) = -2*f - 26. Let u be p(-14). Let b = u + 28. Calculate the greatest common factor of b and o.
30
Let k be 8/(((-4)/1)/(-2 - 0)). Suppose 4*y = -k*y + 1472. What is the greatest common divisor of y and 23?
23
Suppose 0 = f - 30 - 55. Calculate the greatest common divisor of f and 34.
17
Suppose -3*y = -31 + 1. Let t(f) = 2*f + 1. Let r be t(1). Let n be 16/r*45/12. Calculate the highest common divisor of y and n.
10
Let y be 12*((-64)/5)/(15/(-25)). What is the highest common divisor of y and 2?
2
Let x = -2071 - -2106. What is the highest common factor of 189 and x?
7
Suppose 5*r - 4*b = 603, -r - 381 = -4*r - 4*b. What is the highest common divisor of 41 and r?
41
Suppose 0 = -5*c + 12 - 2, z - 4*c - 68 = 0. Suppose 3*x - 39 - 18 = 0. What is the greatest common factor of z and x?
19
Suppose 0 = 3*w - 6, -4*k + 4*w + 44 = 0. What is the greatest common divisor of 65 and k?
13
Suppose 3*m + 0*m = -6, 0 = 2*n + 4*m - 372. Let s = n + -105. Let o = 230 + -196. What is the highest common factor of s and o?
17
Suppose -4*r + 280 = 5*u, 0*u + u - 280 = -4*r. Suppose 2*q = -3*q + 70. Calculate the greatest common 